
Let k be 108/(-189) - (1 + (-46)/7). Suppose 3*y = -2*p + 21, -3*p + 29 = 6*y - 2*y. Suppose 5*d + k*o + 71 = 451, p*o - 70 = -d. Is d a prime number?
True
Suppose g - 5952 = -5*k + 2963, 3*k - 3*g = 5349. Is k prime?
True
Let m = -481 + -97. Let p = 909 + m. Is p prime?
True
Let p(l) = 4*l**2 + 5*l - 381. Let o(q) = -9*q**2 - 11*q + 762. Let z(t) = -2*o(t) - 5*p(t). Is z(0) a prime number?
False
Suppose -3*k - 15 = -42. Let r(m) = -5*m + 11*m + 10*m + k. Is r(10) a prime number?
False
Let o(i) = 792*i - 14. Let t be o(4). Suppose -4*j + 2*m + 0*m + t = 0, 3*m + 796 = j. Is j a prime number?
True
Suppose -m + 1 = -5. Let i be -56 - 0 - 12/m. Is i/(-2*4/20) a prime number?
False
Suppose -1780 + 19198 = 6*k. Is k composite?
False
Let p(z) = 693*z**2 - 5*z + 5. Is p(2) composite?
False
Is 14398 - ((-3)/2)/(13/26) a composite number?
False
Let p = -2517 + 3825. Suppose -5*a + 3017 = -p. Is a a composite number?
True
Let b be (10/12)/(4/(-120)*-5). Suppose -4*t - b*t + 10845 = 0. Is t a composite number?
True
Let v(g) = 10*g**2 + 10*g + 363. Is v(-38) composite?
False
Let q(v) = 4*v**3 + v**2. Let b be q(1). Suppose 0 = -2*z - 0*y + y + 1627, -b*y - 800 = -z. Is z prime?
False
Let b(m) = -88*m**3 + 4*m**2 - 6*m + 7. Let l(y) = -y**2 + y - 1. Let k(g) = -b(g) - 6*l(g). Let o = -70 - -71. Is k(o) a prime number?
True
Let a be 1/(-1) + 1056/6. Let k = 22 - a. Let s = k - -266. Is s composite?
False
Let b(f) = -15*f + 404. Let o(h) = 3*h - 81. Let g(k) = -2*b(k) - 11*o(k). Is g(0) a composite number?
False
Is (-263*1)/(-22 - -21) prime?
True
Is (-9)/((-216)/78712)*3 a prime number?
True
Suppose 2*q - 11 = -p, p - 26 = -p - 5*q. Suppose c + 70 = -4*x - c, -p*c = 5*x + 88. Let a = -10 - x. Is a composite?
False
Let p(n) = n**2 - 8*n - 2. Let g be p(7). Let u(r) = -r**3 - 7*r**2 - 9*r + 8. Is u(g) a prime number?
True
Let s be 0 + 6/9*3. Suppose -3*x = -s*v + 7*v - 1328, 3*v + 452 = x. Is x composite?
True
Suppose 2*n + 3*s + 16 = -2*s, -4*n - 3*s = 4. Let g(q) = 3*q**3 + q**3 + 9 - 10*q + q**2 - q - n*q**3. Is g(7) a composite number?
True
Let x(d) = 4*d**2 - 6*d - 7. Let z be 8 + 6 + -1*2*1. Is x(z) composite?
True
Suppose 3*m = -3*v + 14 + 13, -4 = 4*m. Is (-8712)/(-10) + (-2)/v a prime number?
False
Let v = 109 + 142. Suppose v = -z + 1242. Is z prime?
True
Let z = -65 + 169. Let y(q) = 7*q**2 - 3*q - 15. Let b be y(-7). Suppose 2*m = 3*k - 1319, -4*m - z - b = -k. Is k prime?
False
Let x(a) be the second derivative of -29*a**5/10 + a**4/4 + 2*a**3/3 + 3*a**2/2 + 18*a. Is x(-2) prime?
False
Suppose 705 = 12*f - 7*f. Let t = f - -8. Is t a prime number?
True
Suppose 11*i - 5*f = 7*i - 24, -3*f = 2*i - 10. Suppose 0*n = -2*n + 2696. Is n/(-2)*i/2 prime?
True
Let q(g) = 4*g**2 - 21*g - 93. Is q(-22) prime?
False
Let z(c) = 11*c**2 + c - 34. Let y be z(8). Let x = 1025 - y. Is x prime?
True
Let a(q) = q**3 + 39*q**2 - 80*q + 209. Is a(-36) prime?
True
Let l = -4 - -21. Suppose 16*n - l*n = 0. Let j(s) = 2*s + 211. Is j(n) a composite number?
False
Let g = -3 - -376. Is g composite?
False
Suppose -3*x - 110 = -8*x. Let h(w) = -w**3 + 24*w**2 - 4*w + 21. Is h(x) a prime number?
False
Let t = -9 - -9. Suppose 6*o - o = t, -2*r = -4*o - 52. Let p = 45 - r. Is p composite?
False
Let d be 75/30*(-22)/(-5). Suppose 0 = -d*z + 15*z - 1324. Is z a prime number?
True
Let y = -7 + -1. Let o(j) = -18*j + 17. Is o(y) a prime number?
False
Suppose -1254 = -5*l + 2*j, 0 = l - 3*j - 10 - 233. Suppose 6*y - l = 5*y. Let z = -155 + y. Is z prime?
True
Let k(a) = -65*a**3 - 2*a**2 + 3*a - 3. Is k(-5) a composite number?
True
Let x be 2118/(-48) + (-2)/(-16). Let g = 59 + x. Is g a prime number?
False
Let x be 3/(9/(-15))*(-6)/10. Suppose -576 - 429 = -x*c. Is c a composite number?
True
Suppose 5*q + 6184 = 2*f + f, 4091 = 2*f + 3*q. Is f a prime number?
True
Let y(d) = d + 1. Let x be (12/(-5) + 2)*5. Let s be y(x). Is (s/(-3))/(7/6447) a composite number?
False
Let d = -36429 + 51844. Is d a prime number?
False
Let d be -113*3*(-3)/(18/4). Suppose 21*w = 22*w - d. Is w a prime number?
False
Let r(l) = l**3 + 6*l**2 + 5*l + 2. Let z(f) = f**3 - f**2 + 7. Let t be z(0). Let b be 46/(-12) - t/42. Is r(b) prime?
False
Suppose -5*n + 5*c - 2*c = -17, 4 = -c. Let p(d) = 0 + 13*d + 1 - 2 - n. Is p(7) composite?
False
Suppose 3*m = 2*s + 142053, 3*m = 2*m - 5*s + 47351. Is m composite?
False
Suppose -3*n = -s + 11618, 32*s - 35*s = -3*n - 34884. Is s a prime number?
True
Let c(m) = -11*m**3 - 12*m**2 + 3*m + 4. Let f be c(-5). Suppose 4*g - f = 844. Suppose 4*q - g = q. Is q a prime number?
False
Let q be -4 + 2 + (29 - 1). Let h be (-1 - q/(-4))*70. Suppose -h = -3*t - 2*t. Is t a prime number?
False
Suppose -2*m + 14 = 2*m + 5*h, 3*h = -4*m + 10. Let t(j) be the third derivative of 3*j**5/2 + j**4/12 - j**3/6 - 55*j**2. Is t(m) composite?
True
Suppose 5*i - 33 = 22. Let m = i + -6. Suppose -4*n = -m*n - 5*b + 104, n = 2*b + 69. Is n a composite number?
False
Let s = 270 - 102. Let b = 271 - s. Is b a prime number?
True
Let z(v) = -v**3 + 11*v**2 + 3*v - 3. Let b be z(6). Suppose 4*c - 5*d + 82 = -178, d = 3*c + b. Let l = c - -171. Is l a prime number?
False
Let i be (3 - (4 + -5)) + 372. Suppose 4*p = i + 68. Is p a prime number?
False
Suppose -11*a + 7437 = -7358. Is a composite?
True
Suppose n = 3517 + 15144. Is n a composite number?
False
Suppose -c + 4 = c. Let v be -1 + 8 - (c - -1). Let k(p) = 2*p**3 + 2*p - 3. Is k(v) a composite number?
True
Let z(g) = -g**3 - 4*g**2 - 4*g - 2. Let x be z(-2). Let q be 0 + x + (4 - 1). Is q*36 - (5 + -2) composite?
True
Let s be (-12)/(-8) - 20/(-8). Suppose s*p = 5*g + 4288, 2*g - 6*g = 16. Is p a prime number?
False
Suppose -4*u = -h - 22491, 8286 - 19533 = -2*u - h. Is u prime?
True
Let i be (0 + 2 + -2)/(-1). Let z(o) = -3*o - 535. Let y(l) = -3*l - 535. Let u(p) = 5*y(p) - 6*z(p). Is u(i) composite?
True
Suppose 13292 = g - 1209. Is g prime?
False
Suppose 4*b + 1 = 5*b. Let m(k) = 4*k + 239*k**3 - 91*k**3 - 3*k. Is m(b) composite?
False
Let q = -53 + -12. Let p = q + 7. Is (-3 + 2)*p/1 a composite number?
True
Suppose 3*h - 2*m - 109871 = 0, -h + 2*h + 5*m - 36618 = 0. Is h a prime number?
False
Suppose 0 = -o + 722 + 956. Is o a composite number?
True
Suppose -98996 = -6*z + 180334. Is z a prime number?
False
Let w = 10 + -6. Suppose 0 = h - 2*a - a, -w = -h - a. Suppose h*o - 903 = 114. Is o prime?
False
Let o = -294 - -60. Let u be 3/7 + o/(-42). Is (8 - u)/(2/379) prime?
True
Is 23513/7*3/12*4 composite?
False
Let i(h) = h**3 + 13*h**2 + h + 18. Let n be i(-6). Suppose 0 = 3*s - 135 - n. Is s composite?
True
Let y = 105 - -1654. Is y a prime number?
True
Let c = 869 + 471. Suppose -4*u - 688 = -z + u, 2*u - c = -2*z. Is z a prime number?
True
Suppose 10*c = 3*c + 119. Suppose -c*n + 16*n = -331. Is n prime?
True
Suppose -14*k + 9623 = -9431. Is k prime?
True
Let s = -28035 + 107830. Is s a prime number?
False
Let s = -14 + 14. Suppose s = 5*l + 5*l - 37870. Is l a composite number?
True
Suppose 4*h + 336 + 208 = 0. Let v = 429 + h. Is v prime?
True
Let h(r) be the third derivative of 11*r**4/24 + 4*r**3/3 - r**2 + 36. Suppose 0 = -3*f - f + 28. Is h(f) a prime number?
False
Let b(i) = -2188*i - 6. Let g be b(-9). Suppose 3*n = g - 7359. Is n prime?
False
Suppose 4*f - 7439 = -k, k - 3108 = -2*f + 609. Is f a prime number?
True
Suppose -3*g - g - 2*l + 14 = 0, 5*g + 4*l = 22. Suppose 0 = g*m + b - 4613, m - 9220 = -3*m - 4*b. Suppose 3*o + 2*t = 4441, -m = -o - 4*t - 831. Is o prime?
True
Suppose 271*n - 264*n - 123263 = 0. Is n composite?
False
Let u = -2187 - -3917. Suppose -o + b = 2*b - 352, b = 5*o - u. Is o prime?
True
Let h be 0/3 - (0 + -4). Let k = h + 48. Suppose 3*q - 11 = k. Is q a composite number?
True
Let v(k) = k**3 - 2*k**2 - 7*k - 1. Let f be v(6). Suppose -4*g = -8, -2*w = -w - 5*g + 34. Let d = w + f. Is d a composite number?
True
Let w = 7678 - 3425. Is w a prime number?
True
Let l(f) = -2*f - 20 + 20. Let x be l(2). Is 186*((-2)/x - 0) composite?
True
Suppose 4*z + 5*i = 12, 2*z + i = 8 - 2. Suppose z*l + 726 = 1935. Suppose -3*t = -l + 22. Is t a prime number?
True
Suppose -2*x + 767 = -s + 6*s, 5*s = 2*x - 797. Is x a composite number?
True
Let n = -43418 - -67144. Is n a composite number?
True
Let 